{"id":41,"date":"2014-08-27T15:01:55","date_gmt":"2014-08-27T13:01:55","guid":{"rendered":"http:\/\/chloe.fernstromonthe.net\/?page_id=41"},"modified":"2021-01-12T15:43:18","modified_gmt":"2021-01-12T14:43:18","slug":"contrats-economiques-et-commerciaux","status":"publish","type":"page","link":"https:\/\/chloe-fernstrom.fr\/sv\/kompetensomraden\/kommersiella-avtal\/","title":{"rendered":"Kommersiella avtal"},"content":{"rendered":"<p>Vi\u00a0hj\u00e4lper v\u00e5ra klienter i samband med f\u00f6rkontraktuella f\u00f6rhandlingar och med utarbetande av kommersiella avtal anpassade till\u00a0deras behov och strategier och i enlighet med g\u00e4llande EU-regler och franska antitrust f\u00f6rordningar och konsumentlagar.<\/p>\n<p>Vi har gedigen erfarenhet att utarbeta:<\/p>\n<ul>\n<li>ink\u00f6pskontrakt<\/li>\n<li>s\u00e4lj- och leverant\u00f6rskontrakt<\/li>\n<li>avtal r\u00f6rande tj\u00e4nster<\/li>\n<li>villkor f\u00f6r f\u00f6rs\u00e4ljning och ink\u00f6p<\/li>\n<li>distributionsavtal<\/li>\n<li>marknadsf\u00f6ringsavtal<\/li>\n<li>partnerskapsavtal<\/li>\n<\/ul>\n<p>&nbsp;<\/p>","protected":false},"excerpt":{"rendered":"<p>Vi\u00a0hj\u00e4lper v\u00e5ra klienter i samband med f\u00f6rkontraktuella f\u00f6rhandlingar och med utarbetande av kommersiella avtal anpassade till\u00a0deras behov och strategier och i enlighet med g\u00e4llande EU-regler och franska antitrust f\u00f6rordningar och konsumentlagar. Vi har gedigen erfarenhet att utarbeta: ink\u00f6pskontrakt s\u00e4lj- och leverant\u00f6rskontrakt avtal r\u00f6rande tj\u00e4nster villkor f\u00f6r f\u00f6rs\u00e4ljning och ink\u00f6p distributionsavtal marknadsf\u00f6ringsavtal partnerskapsavtal &nbsp;<\/p>\n","protected":false},"author":2,"featured_media":0,"parent":31,"menu_order":0,"comment_status":"closed","ping_status":"closed","template":"","meta":{"_acf_changed":false,"_monsterinsights_skip_tracking":false,"_monsterinsights_sitenote_active":false,"_monsterinsights_sitenote_note":"","_monsterinsights_sitenote_category":0,"footnotes":""},"acf":[],"_links":{"self":[{"href":"https:\/\/chloe-fernstrom.fr\/sv\/wp-json\/wp\/v2\/pages\/41"}],"collection":[{"href":"https:\/\/chloe-fernstrom.fr\/sv\/wp-json\/wp\/v2\/pages"}],"about":[{"href":"https:\/\/chloe-fernstrom.fr\/sv\/wp-json\/wp\/v2\/types\/page"}],"author":[{"embeddable":true,"href":"https:\/\/chloe-fernstrom.fr\/sv\/wp-json\/wp\/v2\/users\/2"}],"replies":[{"embeddable":true,"href":"https:\/\/chloe-fernstrom.fr\/sv\/wp-json\/wp\/v2\/comments?post=41"}],"version-history":[{"count":1,"href":"https:\/\/chloe-fernstrom.fr\/sv\/wp-json\/wp\/v2\/pages\/41\/revisions"}],"predecessor-version":[{"id":1151,"href":"https:\/\/chloe-fernstrom.fr\/sv\/wp-json\/wp\/v2\/pages\/41\/revisions\/1151"}],"up":[{"embeddable":true,"href":"https:\/\/chloe-fernstrom.fr\/sv\/wp-json\/wp\/v2\/pages\/31"}],"wp:attachment":[{"href":"https:\/\/chloe-fernstrom.fr\/sv\/wp-json\/wp\/v2\/media?parent=41"}],"curies":[{"name":"wp","href":"https:\/\/api.w.org\/{rel}","templated":true}]}}

<p>Vi hjälper våra klienter i samband med förkontraktuella förhandlingar och med utarbetande av kommersiella avtal anpassade till deras behov och strategier och i enlighet med gällande EU-regler och franska antitrust förordningar och konsumentlagar.</p>
<p>Vi har gedigen erfarenhet att utarbeta:</p>
<ul>
<li>inköpskontrakt</li>
<li>sälj- och leverantörskontrakt</li>
<li>avtal rörande tjänster</li>
<li>villkor för försäljning och inköp</li>
<li>distributionsavtal</li>
<li>marknadsföringsavtal</li>
<li>partnerskapsavtal</li>
</ul>
<p>&nbsp;</p>

<p>Vi hjälper våra klienter i samband med förkontraktuella förhandlingar och med utarbetande av kommersiella avtal anpassade till deras behov och strategier och i enlighet med gällande EU-regler och franska antitrust förordningar och konsumentlagar. Vi har gedigen erfarenhet att utarbeta: inköpskontrakt sälj- och leverantörskontrakt avtal rörande tjänster villkor för försäljning och inköp distributionsavtal marknadsföringsavtal partnerskapsavtal &nbsp;</p>
